{"id":647,"date":"2016-03-31T09:11:30","date_gmt":"2016-03-31T09:11:30","guid":{"rendered":"http:\/\/schooltime.aislinthemes.com\/?page_id=647"},"modified":"2017-09-20T08:26:51","modified_gmt":"2017-09-20T08:26:51","slug":"our-values","status":"publish","type":"page","link":"https:\/\/bs-vss.ch\/?page_id=647","title":{"rendered":"Statuten"},"content":{"rendered":"<div class=\"wpb-content-wrapper\"><p>[vc_row][vc_column][vc_custom_heading text=&#8220;BASELST\u00c4DTISCHER VERBAND F\u00dcR SPORT IN DER SCHULE&#8220; font_container=&#8220;tag:h4|text_align:left&#8220; use_theme_fonts=&#8220;yes&#8220;][vc_column_text css=&#8220;.vc_custom_1505895997111{padding-right: 20px !important;}&#8220;]<\/p>\n<table border=\"0\" width=\"90%\" cellspacing=\"10\">\n<tbody>\n<tr>\n<td colspan=\"2\" valign=\"bottom\" height=\"60\">\n<h4><i>NAME, HAFTBARKEIT<\/i><\/h4>\n<\/td>\n<\/tr>\n<tr>\n<td valign=\"top\" width=\"60\">Art. 1<\/td>\n<td>\n<p align=\"justify\">Der Baselst\u00e4dtische Verband f\u00fcr Sport in der Schule (VSS Basel-Stadt oder <i>bs.VSS<\/i>) ist ein Verein im Sinne von Artikel 60ff des Schweizerischen Zivilgesetzbuches.<\/p>\n<p align=\"justify\">Er ist ein Kantonalverband des Schweizerischen Verbandes f\u00fcr Sport in der Schule (SVSS).<\/p>\n<\/td>\n<\/tr>\n<tr>\n<td valign=\"top\" width=\"60\">Art. 2<\/td>\n<td>\n<p align=\"justify\">F\u00fcr Verpflichtungen des <i>bs.VSS<\/i> haftet das Vereinsverm\u00f6gen.<\/p>\n<p align=\"justify\">Jede Haftbarkeit der Mitglieder oder des Vorstandes ist ausgeschlossen.<\/p>\n<\/td>\n<\/tr>\n<tr>\n<td colspan=\"2\" valign=\"bottom\" height=\"60\">\n<h4><i>ZWECK<\/i><\/h4>\n<\/td>\n<\/tr>\n<tr>\n<td valign=\"top\" width=\"60\">Art. 3<\/td>\n<td>\n<p align=\"justify\">Der <i>bs.VSS<\/i> setzt sich f\u00fcr die F\u00f6rderung des Turn- und Sportunterrichts an den Basler Schulen ein.<\/p>\n<p align=\"justify\">Er sieht seine wesentlichen Ziele in der Weiterbildung der Lehrer\/innen und in der Wahrung der Standesinteressen seiner Mitglieder.<\/p>\n<\/td>\n<\/tr>\n<tr>\n<td colspan=\"2\" valign=\"bottom\" height=\"60\">\n<h4><i>AUFGABEN<\/i><\/h4>\n<\/td>\n<\/tr>\n<tr>\n<td valign=\"top\" width=\"60\">Art. 4<\/td>\n<td>\n<p align=\"justify\">Der <i>bs.VSS<\/i> organisiert:<\/p>\n<ul>\n<li>Kurse und Veranstaltungen auf allen Gebieten von Turnen und Sport in der Schule<\/li>\n<li>Kurse und Veranstaltungen zur Pflege der sportlichen und gesellschaftlichen Bed\u00fcrfnisse seiner Mitglieder<\/li>\n<li>Kurse und Anl\u00e4sse f\u00fcr Sch\u00fclerinnen und Sch\u00fcler<\/li>\n<\/ul>\n<\/td>\n<\/tr>\n<tr>\n<td valign=\"top\" width=\"60\">Art. 5<\/td>\n<td>\n<p align=\"justify\">Der <i>bs.VSS<\/i> pflegt Beziehungen zu den kantonalen Erziehungsbeh\u00f6rden und Verb\u00e4nden mit \u00e4hnlicher Zielsetzung.<\/p>\n<p align=\"justify\">Der <i>bs.VSS<\/i> trifft zur Wahrung der Standesinteressen seiner Mitglieder die geeigneten Massnahmen.<\/p>\n<\/td>\n<\/tr>\n<tr>\n<td colspan=\"2\" valign=\"bottom\" height=\"60\">\n<h4><i>MITGLIEDSCHAFT<\/i><\/h4>\n<\/td>\n<\/tr>\n<tr>\n<td valign=\"top\" width=\"60\">Art. 6<\/td>\n<td>\n<p align=\"justify\">Der <i>bs.VSS<\/i> besteht aus Aktiv- und Freimitgliedern.<\/p>\n<\/td>\n<\/tr>\n<tr>\n<td valign=\"top\" width=\"60\">Art. 7<\/td>\n<td>\n<p align=\"justify\">Aktivmitglieder k\u00f6nnen alle Lehrkr\u00e4fte an Schulen und Kinderg\u00e4rten werden, ferner Studenten\/innen des Kantonalen Lehrerseminars und des Instituts f\u00fcr Sport der Universit\u00e4t Basel (IS).<\/p>\n<\/td>\n<\/tr>\n<tr>\n<td valign=\"top\" width=\"60\">Art. 8<\/td>\n<td>\n<p align=\"justify\">Mit ihrer Pensionierung werden alle Aktivmitglieder zu Freimitgliedern. Sie bezahlen keinen Mitgliederbeitrag mehr.<\/p>\n<\/td>\n<\/tr>\n<tr>\n<td valign=\"top\" width=\"60\">Art. 9<\/td>\n<td>\n<p align=\"justify\">Einzelpersonen oder Institutionen, die sich f\u00fcr die Ziele des <i>bs.VSS<\/i> interessieren, k\u00f6nnen als Einzel- oder Kollektivmitglieder aufgenommen werden. \u00dcber die Aufnahme entscheidet der Vorstand.<\/p>\n<\/td>\n<\/tr>\n<tr>\n<td valign=\"top\" width=\"60\">Art. 10<\/td>\n<td>\n<p align=\"justify\">Mitglieder, welche den Interessen des <i>bs.VSS<\/i> zuwiderhandeln oder ihren finanziellen Verpflichtungen nicht nachkommen, k\u00f6nnen vom Zentralvorstand aus dem <i>bs.VSS<\/i> ausgeschlossen werden.<\/p>\n<\/td>\n<\/tr>\n<tr>\n<td colspan=\"2\" valign=\"bottom\" height=\"60\">\n<h4><i>STRUKTUR<\/i><\/h4>\n<\/td>\n<\/tr>\n<tr>\n<td valign=\"top\" width=\"60\"><\/td>\n<td>\n<p align=\"justify\">Der <i>bs.VSS<\/i> ist so strukturiert, dass den Bed\u00fcrfnissen der verschiedenen Lehrer\/innenkategorien Rechnung getragen werden kann.<\/p>\n<\/td>\n<\/tr>\n<tr>\n<td valign=\"top\" width=\"60\">Art. 11<\/td>\n<td>\n<p align=\"justify\">Die Organe des <i>bs.VSS<\/i> sind:<\/p>\n<ul>\n<li>Generalversammlung (GV)<\/li>\n<li>Zentralvorstand (ZV)<\/li>\n<li>Technische Kommission (TK)<\/li>\n<li>Abteilungsvorstand Lehrer\/innen<\/li>\n<li>Abteilungsvorstand Diplomturnlehrer\/innen<\/li>\n<\/ul>\n<\/td>\n<\/tr>\n<tr>\n<td colspan=\"2\" valign=\"bottom\" height=\"60\">\n<h4><i>RECHTE UND PFLICHTEN DER VERBANDSORGANE<\/i><\/h4>\n<\/td>\n<\/tr>\n<tr>\n<td colspan=\"2\">\n<p align=\"justify\"><u>a) Generalversammlung:<\/u><\/p>\n<\/td>\n<\/tr>\n<tr>\n<td valign=\"top\" width=\"60\">Art. 12<\/td>\n<td>\n<p align=\"justify\">Die Generalversammlung wird jedes Jahr vom Vorstand nach Abschluss des Vereinsjahres einberufen. Stimmberechtigt sind Aktiv- und Freimitglieder.<\/p>\n<\/td>\n<\/tr>\n<tr>\n<td valign=\"top\" width=\"60\">Art. 13<\/td>\n<td>\n<p align=\"justify\">Aufgaben der Generalversammlung:<\/p>\n<ol>\n<li>Genehmigung von\n<ul>\n<li>Jahresbericht des Pr\u00e4sidenten<\/li>\n<li>Jahresbericht des Pr\u00e4sidenten der TK<\/li>\n<li>Jahresrechnung<\/li>\n<li>Jahresbeitrag<\/li>\n<li>Budget<\/li>\n<\/ul>\n<\/li>\n<li>Wahl des Pr\u00e4sidenten und der \u00fcbrigen Mitglieder des Zentralvorstandes<\/li>\n<li>Behandlung von Antr\u00e4gen<\/li>\n<li>Statuten\u00e4nderungen<\/li>\n<\/ol>\n<\/td>\n<\/tr>\n<tr>\n<td valign=\"top\" width=\"60\">Art. 14<\/td>\n<td>\n<p align=\"justify\">Zur Generalversammlung wird mindestens 2 Wochen vor dem angesetzten Datum unter Angabe der Traktanden schriftlich eingeladen.<\/p>\n<p align=\"justify\">Antr\u00e4ge sind dem Vorstand 1 Woche vor der Generalversammlung schriftlich einzureichen.<\/p>\n<\/td>\n<\/tr>\n<tr>\n<td valign=\"top\" width=\"60\">Art. 15<\/td>\n<td>\n<p align=\"justify\">Der Zentralvorstand oder ein F\u00fcnftel der Vereinsmitglieder k\u00f6nnen eine ausserordentliche Generalversammlung verlangen.<\/p>\n<\/td>\n<\/tr>\n<tr>\n<td valign=\"top\" width=\"60\">Art. 16<\/td>\n<td>\n<p align=\"justify\">Wahlen und Abstimmungen werden offen vorgenommen, sofern die Versammlung nichts anderes bestimmt.<\/p>\n<ul>\n<li>Bei Wahlen entscheidet das relative Mehr.<\/li>\n<li>Bei Abstimmungen entscheidet das absolute Mehr, wobei der Pr\u00e4sident\/ die Pr\u00e4sidentin den Stichentscheid hat.<\/li>\n<li>F\u00fcr Statuten\u00e4nderungen ist eine 2\/3 Mehrheit der anwesenden Stimmberechtigten erforderlich.<\/li>\n<\/ul>\n<\/td>\n<\/tr>\n<tr>\n<td colspan=\"2\">\n<p align=\"justify\"><u>b) Zentralvorstand<\/u><\/p>\n<\/td>\n<\/tr>\n<tr>\n<td valign=\"top\" width=\"60\">Art. 17<\/td>\n<td>\n<p align=\"justify\">Der Zentralvorstand ist f\u00fcr die Gesamtleitung des <i>bs.VSS<\/i> verantwortlich.<br \/>\nEs geh\u00f6ren ihm an: &#8211;<\/p>\n<ul>\n<li>Pr\u00e4sident\/in<\/li>\n<li>Vizepr\u00e4sident\/in<\/li>\n<li>Pr\u00e4sident\/in der TK<\/li>\n<li>Pr\u00e4sident\/in Abteilungsvorstand Lehrer\/innen<\/li>\n<li>Pr\u00e4sident\/in Abteilungsvorstand Diplomturnlehrer\/innen<\/li>\n<li>Turninspektor\/in<\/li>\n<li>Sekret\u00e4r\/in<\/li>\n<li>Kassier\/in<\/li>\n<li>Beisitzer\/in<\/li>\n<li>PR\/Info<\/li>\n<\/ul>\n<\/td>\n<\/tr>\n<tr>\n<td valign=\"top\" width=\"60\">Art. 18<\/td>\n<td>\n<p align=\"justify\">Die Rechte und Pflichten des Vorstandes werden im Einzelnen in einem Pflichtenheft umschrieben. Dieses wird vom Zentralvorstand der Generalversammlung zur Einsicht vorgelegt.<\/p>\n<\/td>\n<\/tr>\n<tr>\n<td colspan=\"2\">\n<p align=\"justify\"><u>c) Technische Kommission<\/u><\/p>\n<\/td>\n<\/tr>\n<tr>\n<td valign=\"top\" width=\"60\">Art. 19<\/td>\n<td>\n<p align=\"justify\">In der TK haben Vertreter\/innen der beiden Abteilungen Lehrer\/innen und Turnlehrer\/innen Einsitz.<\/p>\n<p align=\"justify\">Als Pr\u00e4sident\/in der TK ist ein\/e Diplomturnlehrer\/in zu w\u00e4hlen. Die \u00fcbrigen Mitglieder der TK werden auf Vorschlag der Abteilungen vom Zentralvorstand gew\u00e4hlt.<\/p>\n<p align=\"justify\">Der\/die Verbandspr\u00e4sident\/in hat Sitz und Stimme in der TK.<\/p>\n<\/td>\n<\/tr>\n<tr>\n<td valign=\"top\" width=\"60\">Art. 20<\/td>\n<td>\n<p align=\"justify\">Die TK ist f\u00fcr die Lehrer\/innenfortbildung zust\u00e4ndig. Ausserdem schl\u00e4gt sie auch alle anderen Veranstaltungen gem\u00e4ss Art. 4 vor. Die vorgelegten Programme sind vom Zentralvorstand zu genehmigen.<\/p>\n<\/td>\n<\/tr>\n<tr>\n<td colspan=\"2\">\n<p align=\"justify\"><u>d) Abteilungen<\/u><\/p>\n<\/td>\n<\/tr>\n<tr>\n<td valign=\"top\" width=\"60\"><\/td>\n<td>\n<p align=\"justify\">Die Mitglieder des Verbandes bilden f\u00fcr die Vertretung ihrer besonderen Interessen 2 Abteilungen mit je 1 Vorstand als Arbeitsgruppe.<\/p>\n<\/td>\n<\/tr>\n<tr>\n<td valign=\"top\" width=\"60\">Art. 21<\/td>\n<td>\n<p align=\"justify\">Der Abteilung Lehrer\/innen geh\u00f6ren die Mitglieder mit kantonalem Lehrer\/innen-ausweis an.<\/p>\n<\/td>\n<\/tr>\n<tr>\n<td valign=\"top\" width=\"60\">Art. 22<\/td>\n<td>\n<p align=\"justify\">Der Abteilungsvorstand Lehrer\/innen sollte aus je 1 bis 2 Vertreter\/innen bestehen<\/p>\n<ul>\n<li>der Kinderg\u00e4rten<\/li>\n<li>der Primarschulen<\/li>\n<li>der Sonderklassen<\/li>\n<li>der Sekundarschulen<\/li>\n<li>der Realschulen<\/li>\n<li>sowie der oberen Schulen<\/li>\n<\/ul>\n<p>Der\/die Pr\u00e4sident\/in wird von den Mitgliedern der Abteilungen zur Wahl in den Zentralvorstand vorgeschlagen.<\/td>\n<\/tr>\n<tr>\n<td valign=\"top\" width=\"60\">Art. 23<\/td>\n<td>\n<p align=\"justify\">Die Abteilung Lehrer\/innen behandelt Probleme des Turnunterrichts auf allen Stufen, unterbreitet der TK und dem Zentralvorstand Vorschl\u00e4ge f\u00fcr die Lehrer\/innenfortbildung und zu allgemeinen Verbandsfragen.<\/p>\n<\/td>\n<\/tr>\n<tr>\n<td valign=\"top\" width=\"60\">Art. 24<\/td>\n<td>\n<p align=\"justify\">Der Abteilung Diplomturnlehrer\/innen geh\u00f6ren die Mitglieder mit eidgen\u00f6ssischem Turn- und Sportlehrer\/innendiplom der Universit\u00e4t und der ETH an.<\/p>\n<\/td>\n<\/tr>\n<tr>\n<td valign=\"top\" width=\"60\">Art. 25<\/td>\n<td>\n<p align=\"justify\">Der Abteilungsvorstand Diplomturnlehrer\/innen setzt sich selbst aus eidgen\u00f6ssisch diplomierten Turn- und Sportlehrer\/innen zusammen, nach M\u00f6glichkeit aus Diplomturnlehrern\/innen mit Ober-, Mittel-, oder Primarlehrer\/innendiplom, sowie solchen mit anderen oder ohne zus\u00e4tzlichen Lehrer\/innendiplomen.<\/p>\n<\/td>\n<\/tr>\n<tr>\n<td valign=\"top\" width=\"60\">Art. 26<\/td>\n<td>\n<p align=\"justify\">Die Abteilung behandelt Fragen fachlicher, standes- und verbandspolitischer Art und unterbreitet ihre Vorschl\u00e4ge der TK und dem Zentralvorstand.<\/p>\n<\/td>\n<\/tr>\n<tr>\n<td valign=\"top\" width=\"60\">Art. 27<\/td>\n<td>\n<p align=\"justify\">Innerhalb des Zusammenschlusses der Diplomturn- und Sportlehrer\/innen ist die Abteilung, bez. deren Vorstand in ihren Entschl\u00fcssen frei, sofern diese nicht dem Interesse und den Statuten des <i>bs.VSS <\/i>widersprechen. Unter diesen Voraussetzungen kann diese Abteilung auch anderen Verb\u00e4nden angeh\u00f6ren.<\/p>\n<\/td>\n<\/tr>\n<tr>\n<td colspan=\"2\" valign=\"bottom\" height=\"60\">\n<h4><i>RECHNUNGSWESEN<\/i><\/h4>\n<\/td>\n<\/tr>\n<tr>\n<td valign=\"top\" width=\"60\">Art. 28<\/td>\n<td>\n<p align=\"justify\">Dem <i>bs.VSS <\/i>stehen an finanziellen Mitteln zu:<\/p>\n<ol>\n<li>Kurs- und Mitgliederbeitr\u00e4ge<\/li>\n<li>Bundes- und Kantonsbeitr\u00e4ge<\/li>\n<li>Weitere Zuwendungen<\/li>\n<\/ol>\n<\/td>\n<\/tr>\n<tr>\n<td valign=\"top\" width=\"60\">Art. 29<\/td>\n<td>\n<p align=\"justify\">Das Rechnungsjahr des <i>bs.VSS<\/i> schliesst auf den 15. August ab.<\/p>\n<\/td>\n<\/tr>\n<tr>\n<td valign=\"top\" width=\"60\">Art. 30<\/td>\n<td>\n<p align=\"justify\">Gestrichen an der GV 2000 (21. September)<\/p>\n<\/td>\n<\/tr>\n<tr>\n<td colspan=\"2\" valign=\"bottom\" height=\"60\">\n<h4><i>SCHLUSSBESTIMMUNGEN<\/i><\/h4>\n<\/td>\n<\/tr>\n<tr>\n<td valign=\"top\" width=\"60\">Art. 31<\/td>\n<td>\n<p align=\"justify\">Zur Aufl\u00f6sung des Vereins bedarf es einer 3\/4 Mehrheit aller Mitglieder.<\/p>\n<p align=\"justify\">Das Vereinsverm\u00f6gen wird dann dem SVSS zur Verwaltung \u00fcbergeben.<\/p>\n<\/td>\n<\/tr>\n<\/tbody>\n<\/table>\n<p>[\/vc_column_text][\/vc_column][\/vc_row]<\/p>\n<\/div>","protected":false},"excerpt":{"rendered":"<p>[vc_row][vc_column][vc_custom_heading text=&#8220;BASELST\u00c4DTISCHER VERBAND F\u00dcR SPORT IN DER SCHULE&#8220; font_container=&#8220;tag:h4|text_align:left&#8220; use_theme_fonts=&#8220;yes&#8220;][vc_column_text css=&#8220;.vc_custom_1505895997111{padding-right: 20px !important;}&#8220;] NAME, HAFTBARKEIT Art. 1 Der Baselst\u00e4dtische Verband f\u00fcr Sport in der Schule (VSS Basel-Stadt oder bs.VSS) ist ein Verein im Sinne von Artikel 60ff des Schweizerischen Zivilgesetzbuches. Er ist ein Kantonalverband des Schweizerischen Verbandes f\u00fcr Sport in der Schule (SVSS). Art. 2 F\u00fcr Verpflichtungen des bs.VSS haftet&nbsp;<a href=\"https:\/\/bs-vss.ch\/?page_id=647\">[&hellip;]<\/a><\/p>\n","protected":false},"author":2,"featured_media":0,"parent":584,"menu_order":0,"comment_status":"closed","ping_status":"closed","template":"template-sidebar-left-childpages.php","meta":{"footnotes":""},"_links":{"self":[{"href":"https:\/\/bs-vss.ch\/index.php?rest_route=\/wp\/v2\/pages\/647"}],"collection":[{"href":"https:\/\/bs-vss.ch\/index.php?rest_route=\/wp\/v2\/pages"}],"about":[{"href":"https:\/\/bs-vss.ch\/index.php?rest_route=\/wp\/v2\/types\/page"}],"author":[{"embeddable":true,"href":"https:\/\/bs-vss.ch\/index.php?rest_route=\/wp\/v2\/users\/2"}],"replies":[{"embeddable":true,"href":"https:\/\/bs-vss.ch\/index.php?rest_route=%2Fwp%2Fv2%2Fcomments&post=647"}],"version-history":[{"count":2,"href":"https:\/\/bs-vss.ch\/index.php?rest_route=\/wp\/v2\/pages\/647\/revisions"}],"predecessor-version":[{"id":1039,"href":"https:\/\/bs-vss.ch\/index.php?rest_route=\/wp\/v2\/pages\/647\/revisions\/1039"}],"up":[{"embeddable":true,"href":"https:\/\/bs-vss.ch\/index.php?rest_route=\/wp\/v2\/pages\/584"}],"wp:attachment":[{"href":"https:\/\/bs-vss.ch\/index.php?rest_route=%2Fwp%2Fv2%2Fmedia&parent=647"}],"curies":[{"name":"wp","href":"https:\/\/api.w.org\/{rel}","templated":true}]}}